{"id":1999,"date":"2022-07-27T14:03:50","date_gmt":"2022-07-27T14:03:50","guid":{"rendered":"https:\/\/graficor.pt\/carrinho\/"},"modified":"2022-08-05T09:35:44","modified_gmt":"2022-08-05T09:35:44","slug":"carrito","status":"publish","type":"page","link":"https:\/\/graficor.pt\/es\/carrito\/","title":{"rendered":"Carrito"},"content":{"rendered":"\n","protected":false},"excerpt":{"rendered":"","protected":false},"author":1,"featured_media":0,"parent":0,"menu_order":0,"comment_status":"closed","ping_status":"closed","template":"","meta":[],"acf":[],"yoast_head":"<!-- This site is optimized with the Yoast SEO plugin v19.4 - https:\/\/yoast.com\/wordpress\/plugins\/seo\/ -->\n<title>Carrito | Graficor - Venta de Electrodom\u00e9sticos en las Azores<\/title>\n<meta name=\"description\" content=\"Vea en su carrito todos sus art\u00edculos preferidos para hacer su casa un lugar m\u00e1s acogedor. En Graficor pensamos en usted.\" \/>\n<meta name=\"robots\" content=\"index, follow, max-snippet:-1, max-image-preview:large, max-video-preview:-1\" \/>\n<link rel=\"canonical\" href=\"https:\/\/graficor.pt\/es\/carrito\/\" \/>\n<meta property=\"og:locale\" content=\"es_ES\" \/>\n<meta property=\"og:type\" content=\"article\" \/>\n<meta property=\"og:title\" content=\"Carrito | Graficor - Venta de Electrodom\u00e9sticos en las Azores\" \/>\n<meta property=\"og:description\" content=\"Vea en su carrito todos sus art\u00edculos preferidos para hacer su casa un lugar m\u00e1s acogedor. En Graficor pensamos en usted.\" \/>\n<meta property=\"og:url\" content=\"https:\/\/graficor.pt\/es\/carrito\/\" \/>\n<meta property=\"og:site_name\" content=\"Graficor - Venda de Eletrodom\u00e9sticos em Vila Franca Do Campo\" \/>\n<meta property=\"article:modified_time\" content=\"2022-08-05T09:35:44+00:00\" \/>\n<meta name=\"twitter:card\" content=\"summary_large_image\" \/>\n<meta name=\"twitter:label1\" content=\"Est. reading time\" \/>\n\t<meta name=\"twitter:data1\" content=\"1 minuto\" \/>\n<script type=\"application\/ld+json\" class=\"yoast-schema-graph\">{\"@context\":\"https:\/\/schema.org\",\"@graph\":[{\"@type\":\"WebSite\",\"@id\":\"https:\/\/graficor.pt\/#website\",\"url\":\"https:\/\/graficor.pt\/\",\"name\":\"Graficor - Venda de Eletrodom\u00e9sticos em Vila Franca Do Campo\",\"description\":\"\",\"potentialAction\":[{\"@type\":\"SearchAction\",\"target\":{\"@type\":\"EntryPoint\",\"urlTemplate\":\"https:\/\/graficor.pt\/?s={search_term_string}\"},\"query-input\":\"required name=search_term_string\"}],\"inLanguage\":\"es\"},{\"@type\":\"WebPage\",\"@id\":\"https:\/\/graficor.pt\/es\/carrito\/\",\"url\":\"https:\/\/graficor.pt\/es\/carrito\/\",\"name\":\"Carrito | Graficor - Venta de Electrodom\u00e9sticos en las Azores\",\"isPartOf\":{\"@id\":\"https:\/\/graficor.pt\/#website\"},\"datePublished\":\"2022-07-27T14:03:50+00:00\",\"dateModified\":\"2022-08-05T09:35:44+00:00\",\"description\":\"Vea en su carrito todos sus art\u00edculos preferidos para hacer su casa un lugar m\u00e1s acogedor. En Graficor pensamos en usted.\",\"breadcrumb\":{\"@id\":\"https:\/\/graficor.pt\/es\/carrito\/#breadcrumb\"},\"inLanguage\":\"es\",\"potentialAction\":[{\"@type\":\"ReadAction\",\"target\":[\"https:\/\/graficor.pt\/es\/carrito\/\"]}]},{\"@type\":\"BreadcrumbList\",\"@id\":\"https:\/\/graficor.pt\/es\/carrito\/#breadcrumb\",\"itemListElement\":[{\"@type\":\"ListItem\",\"position\":1,\"name\":\"Home\",\"item\":\"https:\/\/graficor.pt\/es\/home\/\"},{\"@type\":\"ListItem\",\"position\":2,\"name\":\"Carrito\"}]}]}<\/script>\n<!-- \/ Yoast SEO plugin. -->","yoast_head_json":{"title":"Carrito | Graficor - Venta de Electrodom\u00e9sticos en las Azores","description":"Vea en su carrito todos sus art\u00edculos preferidos para hacer su casa un lugar m\u00e1s acogedor. En Graficor pensamos en usted.","robots":{"index":"index","follow":"follow","max-snippet":"max-snippet:-1","max-image-preview":"max-image-preview:large","max-video-preview":"max-video-preview:-1"},"canonical":"https:\/\/graficor.pt\/es\/carrito\/","og_locale":"es_ES","og_type":"article","og_title":"Carrito | Graficor - Venta de Electrodom\u00e9sticos en las Azores","og_description":"Vea en su carrito todos sus art\u00edculos preferidos para hacer su casa un lugar m\u00e1s acogedor. En Graficor pensamos en usted.","og_url":"https:\/\/graficor.pt\/es\/carrito\/","og_site_name":"Graficor - Venda de Eletrodom\u00e9sticos em Vila Franca Do Campo","article_modified_time":"2022-08-05T09:35:44+00:00","twitter_card":"summary_large_image","twitter_misc":{"Est. reading time":"1 minuto"},"schema":{"@context":"https:\/\/schema.org","@graph":[{"@type":"WebSite","@id":"https:\/\/graficor.pt\/#website","url":"https:\/\/graficor.pt\/","name":"Graficor - Venda de Eletrodom\u00e9sticos em Vila Franca Do Campo","description":"","potentialAction":[{"@type":"SearchAction","target":{"@type":"EntryPoint","urlTemplate":"https:\/\/graficor.pt\/?s={search_term_string}"},"query-input":"required name=search_term_string"}],"inLanguage":"es"},{"@type":"WebPage","@id":"https:\/\/graficor.pt\/es\/carrito\/","url":"https:\/\/graficor.pt\/es\/carrito\/","name":"Carrito | Graficor - Venta de Electrodom\u00e9sticos en las Azores","isPartOf":{"@id":"https:\/\/graficor.pt\/#website"},"datePublished":"2022-07-27T14:03:50+00:00","dateModified":"2022-08-05T09:35:44+00:00","description":"Vea en su carrito todos sus art\u00edculos preferidos para hacer su casa un lugar m\u00e1s acogedor. En Graficor pensamos en usted.","breadcrumb":{"@id":"https:\/\/graficor.pt\/es\/carrito\/#breadcrumb"},"inLanguage":"es","potentialAction":[{"@type":"ReadAction","target":["https:\/\/graficor.pt\/es\/carrito\/"]}]},{"@type":"BreadcrumbList","@id":"https:\/\/graficor.pt\/es\/carrito\/#breadcrumb","itemListElement":[{"@type":"ListItem","position":1,"name":"Home","item":"https:\/\/graficor.pt\/es\/home\/"},{"@type":"ListItem","position":2,"name":"Carrito"}]}]}},"_links":{"self":[{"href":"https:\/\/graficor.pt\/es\/wp-json\/wp\/v2\/pages\/1999"}],"collection":[{"href":"https:\/\/graficor.pt\/es\/wp-json\/wp\/v2\/pages"}],"about":[{"href":"https:\/\/graficor.pt\/es\/wp-json\/wp\/v2\/types\/page"}],"author":[{"embeddable":true,"href":"https:\/\/graficor.pt\/es\/wp-json\/wp\/v2\/users\/1"}],"replies":[{"embeddable":true,"href":"https:\/\/graficor.pt\/es\/wp-json\/wp\/v2\/comments?post=1999"}],"version-history":[{"count":2,"href":"https:\/\/graficor.pt\/es\/wp-json\/wp\/v2\/pages\/1999\/revisions"}],"predecessor-version":[{"id":2236,"href":"https:\/\/graficor.pt\/es\/wp-json\/wp\/v2\/pages\/1999\/revisions\/2236"}],"wp:attachment":[{"href":"https:\/\/graficor.pt\/es\/wp-json\/wp\/v2\/media?parent=1999"}],"curies":[{"name":"wp","href":"https:\/\/api.w.org\/{rel}","templated":true}]}}

<!-- This site is optimized with the Yoast SEO plugin v19.4 - https://yoast.com/wordpress/plugins/seo/ -->
<title>Carrito | Graficor - Venta de Electrodomésticos en las Azores</title>
<meta name="description" content="Vea en su carrito todos sus artículos preferidos para hacer su casa un lugar más acogedor. En Graficor pensamos en usted." />
<meta name="robots" content="index, follow, max-snippet:-1, max-image-preview:large, max-video-preview:-1" />
<link rel="canonical" href="https://graficor.pt/es/carrito/" />
<meta property="og:locale" content="es_ES" />
<meta property="og:type" content="article" />
<meta property="og:title" content="Carrito | Graficor - Venta de Electrodomésticos en las Azores" />
<meta property="og:description" content="Vea en su carrito todos sus artículos preferidos para hacer su casa un lugar más acogedor. En Graficor pensamos en usted." />
<meta property="og:url" content="https://graficor.pt/es/carrito/" />
<meta property="og:site_name" content="Graficor - Venda de Eletrodomésticos em Vila Franca Do Campo" />
<meta property="article:modified_time" content="2022-08-05T09:35:44+00:00" />
<meta name="twitter:card" content="summary_large_image" />
<meta name="twitter:label1" content="Est. reading time" />
	<meta name="twitter:data1" content="1 minuto" />
<script type="application/ld+json" class="yoast-schema-graph">{"@context":"https://schema.org","@graph":[{"@type":"WebSite","@id":"https://graficor.pt/#website","url":"https://graficor.pt/","name":"Graficor - Venda de Eletrodomésticos em Vila Franca Do Campo","description":"","potentialAction":[{"@type":"SearchAction","target":{"@type":"EntryPoint","urlTemplate":"https://graficor.pt/?s={search_term_string}"},"query-input":"required name=search_term_string"}],"inLanguage":"es"},{"@type":"WebPage","@id":"https://graficor.pt/es/carrito/","url":"https://graficor.pt/es/carrito/","name":"Carrito | Graficor - Venta de Electrodomésticos en las Azores","isPartOf":{"@id":"https://graficor.pt/#website"},"datePublished":"2022-07-27T14:03:50+00:00","dateModified":"2022-08-05T09:35:44+00:00","description":"Vea en su carrito todos sus artículos preferidos para hacer su casa un lugar más acogedor. En Graficor pensamos en usted.","breadcrumb":{"@id":"https://graficor.pt/es/carrito/#breadcrumb"},"inLanguage":"es","potentialAction":[{"@type":"ReadAction","target":["https://graficor.pt/es/carrito/"]}]},{"@type":"BreadcrumbList","@id":"https://graficor.pt/es/carrito/#breadcrumb","itemListElement":[{"@type":"ListItem","position":1,"name":"Home","item":"https://graficor.pt/es/home/"},{"@type":"ListItem","position":2,"name":"Carrito"}]}]}</script>
<!-- / Yoast SEO plugin. -->

Carrito | Graficor - Venta de Electrodomésticos en las Azores

Vea en su carrito todos sus artículos preferidos para hacer su casa un lugar más acogedor. En Graficor pensamos en usted.

Graficor - Venda de Eletrodomésticos em Vila Franca Do Campo
