{"id":1998,"date":"2022-07-27T14:03:50","date_gmt":"2022-07-27T14:03:50","guid":{"rendered":"https:\/\/graficor.pt\/carrinho\/"},"modified":"2022-08-05T09:37:07","modified_gmt":"2022-08-05T09:37:07","slug":"panier","status":"publish","type":"page","link":"https:\/\/graficor.pt\/fr\/panier\/","title":{"rendered":"Panier"},"content":{"rendered":"\n","protected":false},"excerpt":{"rendered":"","protected":false},"author":1,"featured_media":0,"parent":0,"menu_order":0,"comment_status":"closed","ping_status":"closed","template":"","meta":[],"acf":[],"yoast_head":"<!-- This site is optimized with the Yoast SEO plugin v19.4 - https:\/\/yoast.com\/wordpress\/plugins\/seo\/ -->\n<title>Panier | Graficor - Vente d\u2019\u00c9lectorom\u00e9nagers aux A\u00e7ores<\/title>\n<meta name=\"description\" content=\"Regardez dans votre panier tous vos articles pr\u00e9f\u00e9r\u00e9s pour rendre votre maison plus accueillante. Chez Graficor, nous avons pens\u00e9 \u00e0 vous.\" \/>\n<meta name=\"robots\" content=\"index, follow, max-snippet:-1, max-image-preview:large, max-video-preview:-1\" \/>\n<link rel=\"canonical\" href=\"https:\/\/graficor.pt\/fr\/panier\/\" \/>\n<meta property=\"og:locale\" content=\"fr_FR\" \/>\n<meta property=\"og:type\" content=\"article\" \/>\n<meta property=\"og:title\" content=\"Panier | Graficor - Vente d\u2019\u00c9lectorom\u00e9nagers aux A\u00e7ores\" \/>\n<meta property=\"og:description\" content=\"Regardez dans votre panier tous vos articles pr\u00e9f\u00e9r\u00e9s pour rendre votre maison plus accueillante. Chez Graficor, nous avons pens\u00e9 \u00e0 vous.\" \/>\n<meta property=\"og:url\" content=\"https:\/\/graficor.pt\/fr\/panier\/\" \/>\n<meta property=\"og:site_name\" content=\"Graficor - Venda de Eletrodom\u00e9sticos em Vila Franca Do Campo\" \/>\n<meta property=\"article:modified_time\" content=\"2022-08-05T09:37:07+00:00\" \/>\n<meta name=\"twitter:card\" content=\"summary_large_image\" \/>\n<meta name=\"twitter:label1\" content=\"Est. reading time\" \/>\n\t<meta name=\"twitter:data1\" content=\"1 minute\" \/>\n<script type=\"application\/ld+json\" class=\"yoast-schema-graph\">{\"@context\":\"https:\/\/schema.org\",\"@graph\":[{\"@type\":\"WebSite\",\"@id\":\"https:\/\/graficor.pt\/#website\",\"url\":\"https:\/\/graficor.pt\/\",\"name\":\"Graficor - Venda de Eletrodom\u00e9sticos em Vila Franca Do Campo\",\"description\":\"\",\"potentialAction\":[{\"@type\":\"SearchAction\",\"target\":{\"@type\":\"EntryPoint\",\"urlTemplate\":\"https:\/\/graficor.pt\/?s={search_term_string}\"},\"query-input\":\"required name=search_term_string\"}],\"inLanguage\":\"fr-FR\"},{\"@type\":\"WebPage\",\"@id\":\"https:\/\/graficor.pt\/fr\/panier\/\",\"url\":\"https:\/\/graficor.pt\/fr\/panier\/\",\"name\":\"Panier | Graficor - Vente d\u2019\u00c9lectorom\u00e9nagers aux A\u00e7ores\",\"isPartOf\":{\"@id\":\"https:\/\/graficor.pt\/#website\"},\"datePublished\":\"2022-07-27T14:03:50+00:00\",\"dateModified\":\"2022-08-05T09:37:07+00:00\",\"description\":\"Regardez dans votre panier tous vos articles pr\u00e9f\u00e9r\u00e9s pour rendre votre maison plus accueillante. Chez Graficor, nous avons pens\u00e9 \u00e0 vous.\",\"breadcrumb\":{\"@id\":\"https:\/\/graficor.pt\/fr\/panier\/#breadcrumb\"},\"inLanguage\":\"fr-FR\",\"potentialAction\":[{\"@type\":\"ReadAction\",\"target\":[\"https:\/\/graficor.pt\/fr\/panier\/\"]}]},{\"@type\":\"BreadcrumbList\",\"@id\":\"https:\/\/graficor.pt\/fr\/panier\/#breadcrumb\",\"itemListElement\":[{\"@type\":\"ListItem\",\"position\":1,\"name\":\"Home\",\"item\":\"https:\/\/graficor.pt\/fr\/\"},{\"@type\":\"ListItem\",\"position\":2,\"name\":\"Panier\"}]}]}<\/script>\n<!-- \/ Yoast SEO plugin. -->","yoast_head_json":{"title":"Panier | Graficor - Vente d\u2019\u00c9lectorom\u00e9nagers aux A\u00e7ores","description":"Regardez dans votre panier tous vos articles pr\u00e9f\u00e9r\u00e9s pour rendre votre maison plus accueillante. Chez Graficor, nous avons pens\u00e9 \u00e0 vous.","robots":{"index":"index","follow":"follow","max-snippet":"max-snippet:-1","max-image-preview":"max-image-preview:large","max-video-preview":"max-video-preview:-1"},"canonical":"https:\/\/graficor.pt\/fr\/panier\/","og_locale":"fr_FR","og_type":"article","og_title":"Panier | Graficor - Vente d\u2019\u00c9lectorom\u00e9nagers aux A\u00e7ores","og_description":"Regardez dans votre panier tous vos articles pr\u00e9f\u00e9r\u00e9s pour rendre votre maison plus accueillante. Chez Graficor, nous avons pens\u00e9 \u00e0 vous.","og_url":"https:\/\/graficor.pt\/fr\/panier\/","og_site_name":"Graficor - Venda de Eletrodom\u00e9sticos em Vila Franca Do Campo","article_modified_time":"2022-08-05T09:37:07+00:00","twitter_card":"summary_large_image","twitter_misc":{"Est. reading time":"1 minute"},"schema":{"@context":"https:\/\/schema.org","@graph":[{"@type":"WebSite","@id":"https:\/\/graficor.pt\/#website","url":"https:\/\/graficor.pt\/","name":"Graficor - Venda de Eletrodom\u00e9sticos em Vila Franca Do Campo","description":"","potentialAction":[{"@type":"SearchAction","target":{"@type":"EntryPoint","urlTemplate":"https:\/\/graficor.pt\/?s={search_term_string}"},"query-input":"required name=search_term_string"}],"inLanguage":"fr-FR"},{"@type":"WebPage","@id":"https:\/\/graficor.pt\/fr\/panier\/","url":"https:\/\/graficor.pt\/fr\/panier\/","name":"Panier | Graficor - Vente d\u2019\u00c9lectorom\u00e9nagers aux A\u00e7ores","isPartOf":{"@id":"https:\/\/graficor.pt\/#website"},"datePublished":"2022-07-27T14:03:50+00:00","dateModified":"2022-08-05T09:37:07+00:00","description":"Regardez dans votre panier tous vos articles pr\u00e9f\u00e9r\u00e9s pour rendre votre maison plus accueillante. Chez Graficor, nous avons pens\u00e9 \u00e0 vous.","breadcrumb":{"@id":"https:\/\/graficor.pt\/fr\/panier\/#breadcrumb"},"inLanguage":"fr-FR","potentialAction":[{"@type":"ReadAction","target":["https:\/\/graficor.pt\/fr\/panier\/"]}]},{"@type":"BreadcrumbList","@id":"https:\/\/graficor.pt\/fr\/panier\/#breadcrumb","itemListElement":[{"@type":"ListItem","position":1,"name":"Home","item":"https:\/\/graficor.pt\/fr\/"},{"@type":"ListItem","position":2,"name":"Panier"}]}]}},"_links":{"self":[{"href":"https:\/\/graficor.pt\/fr\/wp-json\/wp\/v2\/pages\/1998"}],"collection":[{"href":"https:\/\/graficor.pt\/fr\/wp-json\/wp\/v2\/pages"}],"about":[{"href":"https:\/\/graficor.pt\/fr\/wp-json\/wp\/v2\/types\/page"}],"author":[{"embeddable":true,"href":"https:\/\/graficor.pt\/fr\/wp-json\/wp\/v2\/users\/1"}],"replies":[{"embeddable":true,"href":"https:\/\/graficor.pt\/fr\/wp-json\/wp\/v2\/comments?post=1998"}],"version-history":[{"count":1,"href":"https:\/\/graficor.pt\/fr\/wp-json\/wp\/v2\/pages\/1998\/revisions"}],"predecessor-version":[{"id":2179,"href":"https:\/\/graficor.pt\/fr\/wp-json\/wp\/v2\/pages\/1998\/revisions\/2179"}],"wp:attachment":[{"href":"https:\/\/graficor.pt\/fr\/wp-json\/wp\/v2\/media?parent=1998"}],"curies":[{"name":"wp","href":"https:\/\/api.w.org\/{rel}","templated":true}]}}

<!-- This site is optimized with the Yoast SEO plugin v19.4 - https://yoast.com/wordpress/plugins/seo/ -->
<title>Panier | Graficor - Vente d’Électoroménagers aux Açores</title>
<meta name="description" content="Regardez dans votre panier tous vos articles préférés pour rendre votre maison plus accueillante. Chez Graficor, nous avons pensé à vous." />
<meta name="robots" content="index, follow, max-snippet:-1, max-image-preview:large, max-video-preview:-1" />
<link rel="canonical" href="https://graficor.pt/fr/panier/" />
<meta property="og:locale" content="fr_FR" />
<meta property="og:type" content="article" />
<meta property="og:title" content="Panier | Graficor - Vente d’Électoroménagers aux Açores" />
<meta property="og:description" content="Regardez dans votre panier tous vos articles préférés pour rendre votre maison plus accueillante. Chez Graficor, nous avons pensé à vous." />
<meta property="og:url" content="https://graficor.pt/fr/panier/" />
<meta property="og:site_name" content="Graficor - Venda de Eletrodomésticos em Vila Franca Do Campo" />
<meta property="article:modified_time" content="2022-08-05T09:37:07+00:00" />
<meta name="twitter:card" content="summary_large_image" />
<meta name="twitter:label1" content="Est. reading time" />
	<meta name="twitter:data1" content="1 minute" />
<script type="application/ld+json" class="yoast-schema-graph">{"@context":"https://schema.org","@graph":[{"@type":"WebSite","@id":"https://graficor.pt/#website","url":"https://graficor.pt/","name":"Graficor - Venda de Eletrodomésticos em Vila Franca Do Campo","description":"","potentialAction":[{"@type":"SearchAction","target":{"@type":"EntryPoint","urlTemplate":"https://graficor.pt/?s={search_term_string}"},"query-input":"required name=search_term_string"}],"inLanguage":"fr-FR"},{"@type":"WebPage","@id":"https://graficor.pt/fr/panier/","url":"https://graficor.pt/fr/panier/","name":"Panier | Graficor - Vente d’Électoroménagers aux Açores","isPartOf":{"@id":"https://graficor.pt/#website"},"datePublished":"2022-07-27T14:03:50+00:00","dateModified":"2022-08-05T09:37:07+00:00","description":"Regardez dans votre panier tous vos articles préférés pour rendre votre maison plus accueillante. Chez Graficor, nous avons pensé à vous.","breadcrumb":{"@id":"https://graficor.pt/fr/panier/#breadcrumb"},"inLanguage":"fr-FR","potentialAction":[{"@type":"ReadAction","target":["https://graficor.pt/fr/panier/"]}]},{"@type":"BreadcrumbList","@id":"https://graficor.pt/fr/panier/#breadcrumb","itemListElement":[{"@type":"ListItem","position":1,"name":"Home","item":"https://graficor.pt/fr/"},{"@type":"ListItem","position":2,"name":"Panier"}]}]}</script>
<!-- / Yoast SEO plugin. -->

Panier | Graficor - Vente d’Électoroménagers aux Açores

Regardez dans votre panier tous vos articles préférés pour rendre votre maison plus accueillante. Chez Graficor, nous avons pensé à vous.

Graficor - Venda de Eletrodomésticos em Vila Franca Do Campo
